e l(-1). Let t = 1 - -1. Suppose 3*f - 121 = t*w, -92 - 9 = -x*f - 2*w. Calculate the remainder when f is divided by 13.
11
Suppose -4*v = -3*s - 2, -7 = -4*s + 1. Let c(g) = 1 - 35*g**3 + 4*g**2 - 4*g**v - 2*g**2. Calculate the remainder when c(-1) is divided by 12.
10
Suppose 6*s - 95 = -35. Calculate the remainder when s is divided by 3.
1
Let h = 11 + -3. Let k(x) = x + 25. Calculate the remainder when k(-4) is divided by h.
5
Let u = 11 + -6. Suppose -4*l + 29 - u = 0. Calculate the remainder when l is divided by 3.
0
Let t be 6*1/(2 + -1). Let i = t + -3. Suppose -6*b - 2*w = -i*b - 30, 0 = 2*b + w - 21. What is the remainder when 22 is divided by b?
10
Let p(z) = 2*z**2 - z + 6. Suppose -5*b + 398 = -3*l, 5*l = 3*l + 8. What is the remainder when b is divided by p(3)?
19
Suppose 3*l + 36 = -5*f + 83, 5*l - f - 125 = 0. What is the remainder when 92 is divided by l?
20
Suppose -2*c = -3*c + 34. Suppose f = 3*f - c. What is the remainder when 32 is divided by f?
15
Suppose 0*k - 4*k = 3*b - 45, -5*b + 98 = -k. Suppose 7*s - 220 = 3*s. What is the remainder when s is divided by b?
17
Let l(i) = i**2 + 2*i + 7. Let m(r) = -r**2 + r - 1. Let g(h) = -l(h) - 2*m(h). What is the remainder when 26 is divided by g(-2)?
5
Suppose -4*p + 122 = -2*p. What is the remainder when p is divided by 16?
13
Let z(b) = 6*b**2 + 8*b + 3. Let q(h) = -6*h**2 - 7*h - 2. Let f(o) = -6*q(o) - 5*z(o). Calculate the remainder when f(2) is divided by 7.
4
Let w(k) = -k**2 - 9*k + 4. Let b = 13 - 9. Suppose b*i - 5*i + 11 = 0. Calculate the remainder when i is divided by w(-9).
3
Let n = -26 + 36. Calculate the remainder when 18 is divided by n.
8
Suppose -3*z + 7*z = 0. Suppose n = -z*n + 9. Suppose -2*k - 3*g + 64 = 0, -2*g = -5*k + g + 118. What is the remainder when k is divided by n?
8
Suppose -3 = 3*w, -99 = h - 4*h - 3*w. Suppose f + 36 = 3*f. Calculate the remainder when h is divided by f.
16
Suppose 0 = 7*k - 2*k + 60. Let f = k - -21. Calculate the remainder when 16 is divided by f.
7
Suppose 4*u = 0, -2*o + 0*u = 5*u - 20. Suppose o = 2*n + 2*h + 2, -n + 4 = 4*h. Suppose 2*y - n = 10. What is the remainder when y is divided by 3?
1
Let s = 43 + -17. Calculate the remainder when s is divided by 25.
1
Suppose -5*q = 4*x - 904, 7*x - 920 = 3*x - q. Calculate the remainder when x is divided by 29.
28
Let l = -13 - -24. Let u be ((-6)/4)/(5/(-10)). Suppose s + 3*v = v - 4, -u*s - 4*v - 2 = 0. Calculate the remainder when l is divided by s.
5
Suppose 0 = -5*h - 1 - 4. Let p be 2/h - 10/(-5). Suppose p*o = 5*o - 110. What is the remainder when o is divided by 6?
4
Let o(a) = 5*a**2 + 2*a + 1. Let i be -3*1*12/(-18). Suppose -3*d = -3*v + 12, -5*d - 18 = i*v + 9. What is the remainder when 10 is divided by o(v)?
2
Calculate the remainder when (-645)/(-33)*4 + 2/(-11) is divided by 20.
18
Let x = -13 + 32. Let s = 35 - x. Calculate the remainder when 46 is divided by s.
14
Let w = -120 - -128. What is the remainder when 50 is divided by w?
2
Let t = -4 - -18. Let x = -27 - -31. What is the remainder when t is divided by x?
2
Let k(z) = 14 - 2*z - z + 4*z. Let v be k(-7). Suppose v*i - 19 = 6*i - 4*m, 0 = -2*i - 2*m + 20. Calculate the remainder when 19 is divided by i.
5
Suppose 3*g - 3 = 3*o, -4*o + 3 + 1 = 4*g. Let h = g + 2. Let z = 52 - 48. What is the remainder when z is divided by h?
1
Let c = 5 + -4. Calculate the remainder when 54/4 - c/(-2) is divided by 8.
6
Let q = -60 + 72. Calculate the remainder when 34 is divided by q.
10
Suppose 3*f - 4*f = -4. Let y = 13 - -8. Let u = -11 + y. Calculate the remainder when u is divided by f.
2
Let u(p) = 3*p**2 + p + 2. Suppose 5*y - 5*l - 60 = 0, -5*y + 55 = -0*y - 4*l. What is the remainder when u(-3) is divided by (0 + y)*(-5 + 6)?
5
Suppose 6*t = 11*t - 125. Calculate the remainder when t is divided by 4.
1
Calculate the remainder when 24 is divided by -3 - (-16 - 0/(-4)).
11
Suppose -5*v + 3*i = -21 - 29, 2*v - 20 = -2*i. Calculate the remainder when 19 is divided by v.
9
Let o = -64 - -31. Let q = o + 50. Suppose 5*n - j = 157, -4*n + n = -j - 93. Calculate the remainder when n is divided by q.
15
Let u(j) = j**3 + 18*j**2 + 15*j - 18. Let f be u(-17). Calculate the remainder when 26 is divided by 1/2 - (-136)/f.
8
Suppose -3*r - 2 + 11 = 0. Suppose -3*k + 2*k + 17 = -r*a, -5*a = -2*k + 30. Let z = 10 - k. What is the remainder when 13 is divided by z?
3
Suppose 0 = 3*h - x + 8 - 31, -29 = -3*h + 4*x. Let s = 15 - h. What is the remainder when 21 is divided by s?
5
Let f(r) = -2*r**3 + 10*r**2 - 2*r + 6. Calculate the remainder when 59 is divided by f(4).
29
Calculate the remainder when 46/(2 + (4 - 4)) is divided by 12.
11
Let r(z) = 4*z - 3. Suppose 0 = -3*w + g + g - 25, -45 = 4*w - 5*g. What is the remainder when ((-1)/3)/(w/375) is divided by r(4)?
12
Suppose 5*t = 2*p + 4*t - 138, -3*t = -2*p + 146. Calculate the remainder when p is divided by 18.
13
Let x be 2/6 + (-2)/(-3). Suppose 4*p - 5 = -x. Suppose -3*k = -23 - p. What is the remainder when 22 is divided by k?
6
Let g(t) = 7*t**2. Let k be g(1). Suppose -y = y - 6. What is the remainder when 13 is divided by y/3 + k/1?
5
Suppose 14 = -5*t - 6. Let b(d) = 2*d + 1. Let l(z) = 3*z + 1. Let y(f) = 6*b(f) - 7*l(f). Calculate the remainder when y(t) is divided by 12.
11
Suppose 4*n - 18 = -3*l, -2*n + 12 = l + 2. Suppose t + n = 22. What is the remainder when 47 is divided by t?
15
Let y be (-4)/((-1 - 0)/(-2)). Let t = 6 - y. Calculate the remainder when 40 is divided by t.
12
Suppose 5*y - 50 = -0*y. Let h(g) = g**2 - 6*g + 5. Let m be h(6). Suppose -56 = -4*s - 2*x - 2*x, -y = m*x. What is the remainder when s is divided by 9?
7
Suppose -2 = y + 3*v, 0*v - 7 = -3*y + 4*v. Suppose 0 = f - y - 2. Calculate the remainder when 4 is divided by f.
1
Suppose -4*k = -2*o + 4*o - 118, -3*k + 59 = o. Calculate the remainder when o is divided by 2/4 - 58/(-4).
14
Let u = -9 + 11. Suppose -12 = -j - u. Suppose 0 = -4*v - 16, 0 = 4*b - 5*b - 4*v + 13. What is the remainder when b is divided by j?
9
Let m(l) be the second derivative of l**5/20 + l**4/12 - l**3/6 - l**2 - l. Let a = -50 + 72. Calculate the remainder when a is divided by m(2).
6
Suppose 2*l - 60 = 5*d, -5*d - 165 = -0*l - 5*l. Suppose 6*c - 4*c - 24 = 0. What is the remainder when l is divided by c?
11
Let n(t) = -t - 5. Let k be n(-7). What is the remainder when 27*1 + 2 + -3 is divided by 55/4 + k/8?
12
Let d(x) be the third derivative of 2*x**2 + 0*x - 5/6*x**3 - 1/3*x**4 + 0. What is the remainder when d(-6) is divided by 15?
13
Let a(q) = q - 2. Let j be a(5). Let u(o) = 18*o. Let m be u(j). Let h = m - 31. What is the remainder when h is divided by 8?
7
Let h = 82 - 158. Suppose 4 = 2*s - 24. Calculate the remainder when h/(-3) + 2/3 is divided by s.
12
Suppose -3*f + 192 = -4*c - 73, 4*f = -5*c + 405. Calculate the remainder when f is divided by 24.
23
Suppose -z - 4*z + 55 = 0. Let p(t) = -z*t - 3*t**2 + 7*t - 2 + 4*t**2. Calculate the remainder when p(-3) is divided by 5.
4
Suppose 5*v = -0*v + 15. Suppose 0*w - 38 = 5*s - w, v*s + 2*w + 28 = 0. Let a = s + 11. Calculate the remainder when 5 is divided by a.
2
Suppose 5*k = -0*k + 195. Calculate the remainder when k is divided by 14.
11
What is the remainder when (-476)/(-30) + (-4)/(-30) is divided by 7?
2
Let m(s) = -14*s + 8. Calculate the remainder when m(-6) is divided by 24.
20
What is the remainder when 139/(-3)*(-11 - -8) is divided by 36?
31
Let v(r) = r + 13. Let t(n) = -4*n**3 - n + 1. Let w be t(1). What is the remainder when 42 is divided by v(w)?
6
Suppose -h - 2*i + 12 = 0, 3*h = -0*h - 2*i + 32. Let b(f) = -3*f - 3. Let a be b(5). Let m = a - -21. What is the remainder when h is divided by m?
1
Let k = -8 - -13. Suppose 0 = k*l + 2 - 7. What is the remainder when 1 is divided by l?
0
Let s be 5/1 + -5 + 4. Suppose 3 = -5*j + 28, s*j - 32 = -2*t. Suppose -4*x - 2 = -t. What is the remainder when x is divided by 1?
0
Suppose -a + 99 = 2*a. Suppose 5*n + 3*f - 168 = 312, -2*n + 192 = f. Calculate the remainder when n is divided by a.
30
Let k = -9 - -24. Calculate the remainder when 29 is divided by k.
14
Let b(p) = p**3 - 7*p**2 + 4*p - 10. Calculate the remainder when 52 is divided by b(7).
16
Suppose -29*d + 34*d - 200 =